{"id":37,"date":"2014-10-13T12:54:30","date_gmt":"2014-10-13T10:54:30","guid":{"rendered":"http:\/\/www.maerchen-und-menschen.de\/ghtz_kl\/?page_id=37"},"modified":"2014-10-13T12:57:57","modified_gmt":"2014-10-13T10:57:57","slug":"maerchen","status":"publish","type":"page","link":"https:\/\/www.maerchen-und-menschen.de\/?page_id=37","title":{"rendered":"M\u00e4rchen"},"content":{"rendered":"<p>M\u00e4rchen sind Seelen-Geschichten zum Freuen und F\u00fcrchten, zum Miterleben und Mitleiden, von Gut und B\u00f6se, von seltsamen Wandlungen und Verwandlungen und Erl\u00f6sung im richtigen Moment, von guten und schlechten W\u00fcnschen und Verw\u00fcnschungen, von Kleinen und Schwachen, die am Ende siegreich sind, von Pr\u00fcfungen und Hilfe, wenn man nicht damit rechnet, und zum Ende geht es \u2013 meistens \u2013 gut aus.<\/p>\n<p>Wir identifizieren uns mit den Helden und Heldinnen, die oft genug ganz unten landen und schwere Pr\u00fcfungen vor sich haben, und k\u00e4mpfen und siegen letztlich doch mit ihnen. Wir sind froh, wenn die Widersacher am Ende ihre gerechte Strafe bekommen. Oder bedauern wir sie vielleicht sogar manchmal? Die M\u00e4rchen lassen vieles hoffen und vieles offen und sind und bleiben wohl deshalb immer spannend.<\/p>\n<p><a href=\"http:\/\/www.maerchen-und-menschen.de\/ghtz_kl\/wp-content\/uploads\/2014\/10\/drache.png\"><img loading=\"lazy\" decoding=\"async\" class=\"aligncenter wp-image-40 size-full\" src=\"http:\/\/www.maerchen-und-menschen.de\/ghtz_kl\/wp-content\/uploads\/2014\/10\/drache.png\" alt=\"drache\" width=\"143\" height=\"52\" \/><\/a><\/p>\n","protected":false},"excerpt":{"rendered":"<p>M\u00e4rchen sind Seelen-Geschichten zum Freuen und F\u00fcrchten, zum Miterleben und Mitleiden, von Gut und B\u00f6se, von seltsamen Wandlungen und Verwandlungen und Erl\u00f6sung im richtigen Moment, von guten und schlechten W\u00fcnschen und Verw\u00fcnschungen, von Kleinen und Schwachen, die am Ende siegreich<\/p>\n","protected":false},"author":1,"featured_media":0,"parent":0,"menu_order":0,"comment_status":"closed","ping_status":"closed","template":"","meta":{"footnotes":""},"class_list":["post-37","page","type-page","status-publish","hentry"],"_links":{"self":[{"href":"https:\/\/www.maerchen-und-menschen.de\/index.php?rest_route=\/wp\/v2\/pages\/37","targetHints":{"allow":["GET"]}}],"collection":[{"href":"https:\/\/www.maerchen-und-menschen.de\/index.php?rest_route=\/wp\/v2\/pages"}],"about":[{"href":"https:\/\/www.maerchen-und-menschen.de\/index.php?rest_route=\/wp\/v2\/types\/page"}],"author":[{"embeddable":true,"href":"https:\/\/www.maerchen-und-menschen.de\/index.php?rest_route=\/wp\/v2\/users\/1"}],"replies":[{"embeddable":true,"href":"https:\/\/www.maerchen-und-menschen.de\/index.php?rest_route=%2Fwp%2Fv2%2Fcomments&post=37"}],"version-history":[{"count":3,"href":"https:\/\/www.maerchen-und-menschen.de\/index.php?rest_route=\/wp\/v2\/pages\/37\/revisions"}],"predecessor-version":[{"id":44,"href":"https:\/\/www.maerchen-und-menschen.de\/index.php?rest_route=\/wp\/v2\/pages\/37\/revisions\/44"}],"wp:attachment":[{"href":"https:\/\/www.maerchen-und-menschen.de\/index.php?rest_route=%2Fwp%2Fv2%2Fmedia&parent=37"}],"curies":[{"name":"wp","href":"https:\/\/api.w.org\/{rel}","templated":true}]}}